504. Is g prime?
False
Let y(k) = -554*k**3 - 2*k**2 + 1. Is y(-1) a prime number?
False
Suppose 20*c - 4*c - 82448 = 0. Let w = c + -3520. Is w composite?
True
Suppose t - z + 0 = -2, 4*t - z + 2 = 0. Let j be 1 + (t - 2) + 1. Suppose j*g - 3*g + 2*n + 63 = 0, -81 = -3*g - 4*n. Is g a composite number?
False
Suppose 30210 = -2*j + 12*j. Is 1 + j/15 + 2/(-5) a prime number?
False
Let u(y) = -16*y + 21. Let x be u(-8). Suppose 153*r - x*r - 3340 = 0. Is r composite?
True
Let b(m) = 11*m + 15. Let y be b(-7). Let u = y + 321. Is u a composite number?
True
Let h(c) = c**3 + 6*c**2 + c + 13. Let p be h(-6). Suppose p*y - y = 12. Suppose -y*a = -5*s - 4*a + 109, -3*s + a = -72. Is s a prime number?
True
Let h be (-2)/(-4)*(-92)/(-23). Suppose -t + 2*d - 735 = -h*t, -2217 = -3*t - 3*d. Is t composite?
False
Let l = -13 - 1. Let r = 14 + l. Suppose 5*h = -r*h + 595. Is h composite?
True
Suppose -11*v = -3*v - 32. Is (v/6)/((-12)/(-5274)) prime?
True
Let j = -2 - -3. Let l(h) = -40*h**3 - 2*h**2 + 2*h. Let a be l(2). Is (-7)/(14/a) - j prime?
False
Let g(h) = 2 - 3*h - 7*h + 4*h - 17 - h. Suppose -5*r + 5*i - 12 = 58, -r - 2*i = 8. Is g(r) a composite number?
True
Suppose 2*r - 18*y - 90974 = -16*y, r = 3*y + 45495. Is r composite?
True
Let p(t) = 5*t - 48. Let l be p(11). Let z(n) = 5*n**3 + 3*n**2 + n + 10. Is z(l) a composite number?
False
Let s(x) = -2*x**3 + 2*x**2 + x - 2. Let a be s(2). Let b = a + 11. Suppose -3*u + 4*k + 0*k + 5 = 0, b*u - 29 = -2*k. Is u a prime number?
True
Suppose -96313 - 62644 = -4*z - 3*j, -j = -4*z + 158977. Is z a prime number?
False
Let q = -160 + 808. Suppose 5*n - 142 = q. Is (-1)/(1 + (-160)/n) prime?
True
Suppose 0 = d + 10*d - 6127. Is d a composite number?
False
Let b(r) = 2*r**3 - 3*r**2 + 2*r + 6. Let w = 32 - 29. Is b(w) a prime number?
False
Let p = 21 - 33. Let i be (14/8 + -3)*p. Let y = i - 9. Is y composite?
True
Is (-1)/((-1)/(41315/5)) a prime number?
True
Suppose -27 = -u - 10. Suppose -3*d - 5 = -u. Is 1 - (d - 0) - -1062 composite?
True
Let b = -37 - 272. Let n = b - -2302. Is n composite?
False
Let c = 8912 - 4503. Is c prime?
True
Let r be -7 + 1642 + (2 - 1). Suppose b + r = 5*b. Is b prime?
True
Let t(l) be the third derivative of -7*l**4/8 - 13*l**3/6 + 12*l**2. Is t(-7) composite?
True
Is -7 - (-270)/40 - 10325/(-4) composite?
True
Let u(s) = 1184*s**2 + 5*s - 2. Let j be u(-2). Suppose 3*i + j = 7*i. Is i a prime number?
True
Suppose 0 = 2*t + 3*z - 15, 0 = -4*t + t - z + 19. Suppose 6849 = 3*q + t*q. Is q a prime number?
True
Let h(f) = 128*f**3 + 6*f**2 - 2*f - 7. Suppose 12 = -119*w + 123*w. Is h(w) prime?
False
Let n(u) = u**2 - 12*u + 12. Let o be n(12). Let s be (5/20)/(1/o). Suppose -143 = -s*b + 610. Is b composite?
False
Let k = 120 + -103. Suppose y + k*y = 30762. Is y a prime number?
True
Let o = -13 - -11. Let g be 3/(((-2)/o)/(-1)). Is 3/36*g*-388 a composite number?
False
Let u = 10888 - 5419. Is u composite?
True
Suppose 5*y = 5*h - 1420, 4*h - 12*y + 17*y - 1163 = 0. Is h prime?
False
Let a be 3/(3/91) + 2. Let c = 20 - 18. Suppose -a = -c*t - 23. Is t a prime number?
False
Suppose -5*r + 2*n + n + 11027 = 0, -10995 = -5*r - 5*n. Is r prime?
True
Let o(l) = 18*l**2 + 8*l - 5. Let i be o(5). Suppose -5*x + 260 = -i. Is x a composite number?
False
Let z(a) = -7*a + 7. Let c(d) = 3*d + 3 + 4*d - 8*d - 2. Let p(b) = 6*c(b) - z(b). Is p(12) composite?
False
Let p = 243 + -127. Is p/6*693/42 prime?
False
Suppose -5 = -27*n + 22*n. Let r(h) = -4*h + 1. Let d be r(n). Is -1*157/(d/3) prime?
True
Suppose 2*c - c = -t + 505, -3*t = 5*c - 2531. Suppose 7*m = 423 + c. Is m composite?
True
Suppose 80*y = 99*y - 231743. Is y composite?
False
Let d be (6/(-4))/(18/5928). Let x = d - -1549. Is x a prime number?
False
Suppose -3*u + 8 = -4*a + 3*a, 3*a = 3*u. Suppose -a*i - 4*w = -3*i - 362, 5*i + 2*w - 1738 = 0. Is i a composite number?
True
Let p(c) = c**3 - 5*c**2 + 2*c. Let t be p(3). Let s be t*2/(12/(-9)). Is (132/s)/((-2)/(-6)) a composite number?
True
Suppose -26*h + 34*h - 35416 = 0. Is h a prime number?
False
Let k = 94 - -65. Is k composite?
True
Suppose -21*m + 13*m + 96 = 0. Suppose -5*j + 1690 = k, m = 4*k - 8. Is j prime?
True
Let i = 105 + 302. Is i composite?
True
Let h(m) = 0*m**2 + 21*m**2 - 3 - 4*m + 8*m. Is h(2) prime?
True
Suppose -3*f - 5*z = -16694 - 63049, -2*z = f - 26581. Is f composite?
True
Let u(l) = -l**2 + 7*l + 5. Let a be u(9). Let k = a - -26. Let i = 87 - k. Is i a composite number?
True
Let x = 172 - 51. Is x a composite number?
True
Suppose 4*n = -11*n + 7710. Let b = n - -127. Is b a prime number?
True
Let x(j) = j**3 - 7*j**2 - 8*j - 5. Let v be x(8). Is 1/v + 12/(-90)*-6069 composite?
False
Let p = 4608 - 535. Is p composite?
False
Let f(b) = 3*b + 24. Let x be f(-7). Suppose -x*n - 2*n + 384 = t, n = -5. Is t a composite number?
False
Let v be 2/(-6) - 7328/12. Let j = -392 - v. Is j a composite number?
True
Suppose 4*j - 6*j + 3*q = -150146, 0 = -j + 5*q + 75059. Is j composite?
False
Let t(c) = c**3 - 32*c**2 + 35*c - 143. Is t(33) a composite number?
True
Let y be (-132)/(-30) + 3/5 + -1. Suppose 0*z = -y*p - 3*z + 49, z + 66 = 5*p. Is p a composite number?
False
Is 29/(4 + 1881/(-471)) composite?
True
Let c(q) = q**3 - 23*q**2 - 23*q - 22. Let z be c(24). Suppose -8455 = -3*g - z*g. Is g a prime number?
False
Let i = -4 + 11. Suppose 2*s = -3*q + 72, 5*s - 155 = i*q - 2*q. Is s a composite number?
True
Let p = -51 - -53. Suppose 3790 = p*l + 3*h, 0 = -3*l - 2*l + 2*h + 9475. Is l composite?
True
Let t(b) = b**2 - 26*b + 14*b + 6*b - 2*b**3 - 12. Is t(-5) prime?
True
Let m = 29 + -26. Suppose m*s = 2*y - 624, -5*y + 6*s - s = -1555. Is y composite?
True
Let l = -3648 + 6172. Let c = 4121 - l. Is c a prime number?
True
Let y(c) = -28*c - 15. Let t be y(-8). Let v = -82 + t. Is v prime?
True
Let z = -3343 + 7388. Let p = z - 1790. Let i = p + -996. Is i a prime number?
True
Let l be 10/6 - (-15)/(-9). Suppose l*b - 2*b = 2*o - 142, 0 = 5*b. Is o composite?
False
Suppose -j + 4*l + 1 = -15, 4*j = -5*l + 1. Let w be (-18)/(-81) + (-1 - 21/(-27)). Suppose 6*i - j*i - 26 = w. Is i prime?
True
Let i(a) = -a**2 + 19*a + 19. Let b(m) = 2*m**2 - 39*m - 39. Let f(g) = -6*b(g) - 11*i(g). Let x be -2*3/((-24)/68). Is f(x) composite?
True
Suppose 2*w = 1781 + 6993. Suppose 4*s - z + 4*z - 3528 = 0, -2*z - w = -5*s. Is s a composite number?
True
Let b = 4359 - 424. Is b a prime number?
False
Suppose -6*u + 195 = -3*u. Suppose 259 + u = 3*r. Suppose -2*b + 122 = -r. Is b composite?
True
Suppose 0 = 3*g - 4*f - 15947, 2 = -2*f + 4. Is g a prime number?
False
Let v(l) = 113*l + 40. Is v(6) a composite number?
True
Suppose -7*w = -5*w - 6. Let g be (1 - -2)*(-2)/6. Is 161 - (g - (-9)/w) prime?
False
Suppose 0 = 3*p - 2*b - 565, 0 = 4*p + 6*b - 2*b - 780. Is p a prime number?
True
Let y(o) = 868*o**2 - 2*o. Suppose -n + 3 = 2*d, -3*n = d - 2*d - 2. Is y(n) prime?
False
Let w(s) = -s + 20. Let c be w(11). Is 489/c + 0 - (-6)/9 a composite number?
True
Let l = 157053 - 110086. Is l composite?
True
Suppose 0 = 7*l - 22 + 8. Is (-1 - 1/(8/(-2724)))*l a prime number?
False
Let t = 24 + -20. Is (-2)/((-2)/636*t) a prime number?
False
Let z(h) be the second derivative of -h**5/5 - h**4/4 - 5*h**3/6 - 7*h**2/2 + 5*h. Is z(-8) a prime number?
True
Let w(q) = q**3 - 12*q**2 - 4*q + 28. Let x be w(12). Is (-6552 - -4)*5/x a composite number?
False
Let w(a) = -589*a - 2. Let z(p) = 1766*p + 6. Let t(h) = 11*w(h) + 4*z(h). Let y = -1 - -2. Is t(y) a prime number?
True
Let l(o) = 2*o - 12. Let a be l(8). Suppose 4 = 3*w + 1. Is w + -2 - (-19 - a) composite?
True
Suppose s = -0*n - 3*n + 1443, 0 = 5*s - 5*n - 7295. Suppose 1321 + s = 4*x - 4*k, 0 = k - 1. Is x prime?
False
Let g = -11 + 15. Suppose 27 = -g*q + 3. Let t(v) = -47*v - 13. Is t(q) composite?
False
Suppose 0 = -5*f - 2*o - 1663, -1327 = 3*f + f + 5*o. Let b = -74 - f. Is b a composite number?
True
Let l(y) = 1360*y**2 - 38*y - 31. Is l(-8) composite?
False
Let v(i) = 3*i**3 - 4*i**2 + 2*i + 2. Let f be v(2). Let m be (-208)/56 + (-4)/f. Is (-881)/m + 15/20 prime?
False
Suppose -2*w = 3 - 9. Suppose 0 = g + 2 - 6. Suppose -n + 578 = a, w*n + g*a - 2885 = -2*n. Is n composite?
True
Let y be (-4)/14 + 390/42. Let j be 